(base 8) in base 2?
1001010111
Convert -11210302 (base 4) to base 11.
-16179
What is -11000010010 (base 2) in base 10?
-1554
1100000001110 (base 2) to base 6
44302
-100001110 (base 2) to base 4
-10032
What is -2484 (base 12) in base 9?
-5601
What is 1a80 (base 14) in base 6?
34144
What is 5a3 (base 13) in base 8?
1722
-171 (base 11) to base 9
-241
Convert -256 (base 14) to base 6.
-2100
Convert 77 (base 10) to base 8.
115
11133112 (base 4) to base 5
1204421
Convert -102131 (base 4) to base 6.
-5245
What is 1010101011100101 (base 2) in base 12?
21399
708 (base 16) to base 15
800
Convert 4b6 (base 16) to base 4.
102312
What is 1a253 (base 11) in base 15?
8586
What is -121201 (base 4) in base 5?
-23013
Convert -3705 (base 10) to base 13.
-18c0
What is -10101011110111 (base 2) in base 9?
-16071
28 (base 14) to base 16
24
What is 22120112 (base 3) in base 14?
23c7
10100 (base 5) to base 10
650
435 (base 6) to base 9
205
Convert 546 (base 11) to base 2.
1010001111
What is 3031123 (base 4) in base 5?
410042
What is f85 (base 16) in base 4?
332011
What is 7910 (base 14) in base 3?
1001210021
4ecb (base 15) to base 6
205545
-6934 (base 13) to base 8
-34632
What is -40214 (base 7) in base 9?
-14282
What is 211012 (base 4) in base 8?
4506
-10691 (base 16) to base 2
-10000011010010001
694d (base 15) to base 11
15877
200002 (base 7) to base 5
2033431
What is 1a4 (base 12) in base 6?
1124
Convert 1577 (base 9) to base 6.
5324
What is -7391 (base 12) in base 9?
-18301
-45411 (base 7) to base 3
-120210210
-c48 (base 16) to base 4
-301020
What is 2164 (base 10) in base 3?
2222011
-58 (base 15) to base 9
-102
What is -3437 (base 14) in base 8?
-21551
What is -111550 (base 6) in base 11?
-7155
Convert 15032 (base 6) to base 13.
1124
-106534 (base 7) to base 15
-5a0a
Convert 100011011 (base 2) to base 6.
1151
22512 (base 7) to base 2
1011001101110
Convert -111111110100 (base 2) to base 13.
-1b22
What is -12402 (base 12) in base 11?
-17679
What is 12300 (base 4) in base 5?
3212
-10431 (base 6) to base 3
-2000001
48a (base 13) to base 15
37a
7414 (base 10) to base 7
30421
Convert -1d65 (base 15) to base 13.
-2bac
-6062 (base 11) to base 3
-102001022
Convert 1433 (base 5) to base 14.
135
-220 (base 15) to base 16
-1e0
What is -1028 (base 13) in base 14?
-b55
What is -719b (base 14) in base 13?
-8b82
Convert -6305 (base 7) to base 2.
-100010100010
What is -20612 (base 8) in base 2?
-10000110001010
What is cc7 (base 13) in base 14?
b27
-10010001 (base 2) to base 10
-145
Convert -25677 (base 12) to base 3.
-2121001101
-405 (base 12) to base 7
-1460
2002220210 (base 3) to base 5
2311433
Convert -40517 (base 9) to base 6.
-323241
What is 10773 (base 10) in base 16?
2a15
What is 757 (base 11) in base 5?
12114
Convert -9f (base 16) to base 9.
-186
-42543 (base 7) to base 13
-4a6a
-2442 (base 5) to base 6
-1420
-688 (base 16) to base 8
-3210
What is -20 (base 10) in base 8?
-24
-d1b (base 16) to base 13
-16b1
What is -163c (base 13) in base 14?
-1290
Convert -558 (base 14) to base 11.
-882
Convert 32526 (base 8) to base 7.
54544
Convert -4234 (base 6) to base 8.
-1676
Convert -36545 (base 7) to base 6.
-112055
What is -202d (base 14) in base 2?
-1010110011001
What is 622 (base 16) in base 4?
120202
Convert -9681 (base 15) to base 16.
-7c66
Convert 1712 (base 11) to base 16.
88f
What is 27 (base 9) in base 8?
31
What is -4455 (base 7) in base 13?
-969
Convert -9677 (base 10) to base 14.
-3753
What is -1244210 (base 5) in base 3?
-1021012100
What is -171a5 (base 14) in base 4?
-32021231
Convert 541 (base 8) to base 9.
432
What is 1d06 (base 14) in base 6?
40310
Convert -4c8 (base 15) to base 12.
-768
3965 (base 11) to base 3
21001212
Convert 2b56 (base 14) to base 4.
1320220
-21201320 (base 4) to base 8
-114170
Convert 2351 (base 7) to base 2.
1101100101
122021 (base 4) to base 5
23143
163 (base 8) to base 9
137
-473 (base 9) to base 13
-240
-230200 (base 4) to base 14
-1076
-644c (base 13) to base 10
-13922
-4503 (base 6) to base 3
-1102210
What is -23 (base 8) in base 5?
-34
What is 33001 (base 4) in base 15?
441
-1205 (base 8) to base 4
-22011
-100011110 (base 2) to base 11
-240
1a76 (base 12) to base 9
4420
What is 21063 (base 7) in base 10?
5190
Convert 178 (base 10) to base 8.
262
Convert -286 (base 13) to base 15.
-1ed
What is 3305 (base 6) in base 5?
11021
4176 (base 15) to base 4
3120030
-563 (base 8) to base 13
-227
Convert -2604 (base 12) to base 6.
-32004
174 (base 16) to base 5
2442
121734 (base 8) to base 9
63478
What is -bcc (base 15) in base 6?
-20203
-3616 (base 9) to base 8
-5200
Convert -322224 (base 5) to base 3.
-120000011
20110011 (base 3) to base 6
33434
-201021 (base 4) to base 6
-13453
Convert 1110110210 (base 3) to base 13.
10137
Convert 7126 (base 8) to base 14.
14a2
-10220 (base 4) to base 9
-358
420 (base 10) to base 6
1540
What is -22775 (base 12) in base 8?
-131711
What is -43310 (base 5) in base 10?
-2955
Convert 2109 (base 10) to base 13.
c63
-1b6 (base 16) to base 9
-536
What is -283 (base 12) in base 14?
-1d9
Convert -71964 (base 10) to base 9.
-118640
Convert 3436 (base 10) to base 3.
11201021
What is -4110 (base 5) in base 13?
-31a
915 (base 10) to base 3
1020220
-6146 (base 7) to base 4
-201131
-3470 (base 11) to base 8
-10712
Convert -22221 (base 6) to base 10.
-3109
Convert -21002 (base 4) to base 3.
-210102
-122355 (base 6) to base 7
-43622
Convert -11200 (base 5) to base 8.
-1440
Convert 652 (base 8) to base 12.
2b6
What is -31001113 (base 4) in base 14?
-15619
Convert 2121 (base 5) to base 15.
141
-42635 (base 8) to base 11
-12431
What is 131 (base 10) in base 12?
ab
What is -5201 (base 6) in base 11?
-959
Convert -12032 (base 4) to base 11.
-332
-6680 (base 15) to base 16
-54d8
What is 186 (base 15) in base 16?
15f
What is 2205 (base 7) in base 14?
405
What is -31157 (base 9) in base 11?
-14488
What is 11100100 (base 2) in base 15?
103
c1a3 (base 16) to base 5
3041241
Convert -10011101010 (base 2) to base 6.
-5454
What is 2a8 (base 13) in base 15?
21b
Convert 3210102 (base 4) to base 15.
44e0
-3359 (base 10) to base 3
-11121102
Convert -347 (base 8) to base 15.
-106
Convert -f090 (base 16) to base 13.
-22053
Convert -29aa (base 12) to base 6.
-34334
-111001100001 (base 2) to base 3
-12001100
What is 1b5a (base 12) in base 2?
110100110110
2261 (base 8) to base 5
14301
Convert -2731 (base 9) to base 2.
-100000000101
-676 (base 15) to base 14
-765
What is -65407 (base 8) in base 13?
-c618
-221004 (base 5) to base 12
-44b9
What is -5178 (base 11) in base 10?
-6861
Convert -476 (base 9) to base 6.
-1453
What is -40007 (base 9) in base 16?
-668b
-28a (base 15) to base 11
-488
Convert -1001100010 (base 2) to base 9.
-747
What is -1423 (base 14) in base 12?
-2087
Convert 54726 (base 9) to base 5.
2130222
What is -2012231 (base 4) in base 14?
-31db
What is -1411b (base 13) in base 6?
-445450
Convert 3b922 (base 12) to base 10.
82538
1140 (base 9) to base 4
31032
-11115 (base 8) to base 10
-4685
-679 (base 11) to base 6
-3432
Convert -13 (base 12) to base 3.
-120
What is -1211 (base 6) in base 8?
-447
Convert 1120321 (base 5) to base 9.
30487
What is -22234 (base 7) in base 3?
-21200211
What is -cb7b (base 14) in base 6?
-430533
Convert -225 (base 14) to base 8.
-651
What is 2011 (base 12) in base 2?
110110001101
What is 121560 (base 7) in base 3?
1010111200
13400 (base 5) to base 8
2114
What is -541 (base 11) in base 3?
-220002
What is -5cc (base 16) in base 6?
-10512
10b (base 13) to base 7
345
167 (base 16) to base 15
18e
Convert -4d7 (base 14) to base 4.
-33031
Convert 120b (base 15) to base 6.
25432
Convert 4166 (base 9) to base 4.
233301
What is 45505 (base 6) in base 8?
14461
Convert -81856 (base 9) to base 5.
-3211131
3b (base 13) to base 14
38
What is -3a6 (base 16) in base 13?
-56b
-235 (base 6) to base 13
-74
35115 (base 6) to base 10
5015
-2321 (base 5) to base 2
-101010000
110111101000 (base 2) to base 4
313220
Convert -10010101101010 (base 2) to base 6.
-112202
-822 (base 9) to base 13
-3c5
Convert -c44 (base 16) to base 15.
-de5
-11416 (base 7) to base 12
-1861
-358 (base 13) to base 11
-488
What is 34425 (base 6) in base 13?
230c
What is 6c (base 14) in base 13?
75
Convert -314 (base 5) to base 2.
-1010100
Convert 41a (ba